{"id":1050,"date":"2023-05-22T16:22:59","date_gmt":"2023-05-22T16:22:59","guid":{"rendered":"http:\/\/matija.kranjcic.com\/?page_id=1050"},"modified":"2023-05-22T16:33:15","modified_gmt":"2023-05-22T16:33:15","slug":"sources-3","status":"publish","type":"page","link":"https:\/\/www.duovonmeck.com\/?page_id=1050","title":{"rendered":"sources"},"content":{"rendered":"\n<ul class=\"wp-block-list\">\n<li><a rel=\"noreferrer noopener\" href=\"https:\/\/www.matica.hr\/knjige\/majstori-europske-glazbe-697\/\" target=\"_blank\">Majstori europske glazbe; \u017dmega\u010d, Viktor, 2009.<\/a><\/li>\n\n\n\n<li><a href=\"https:\/\/www.lzmk.hr\/izdanja\/enciklopedije\/muzicka-enciklopedija-ii-izdanje\" target=\"_blank\" rel=\"noreferrer noopener\">Music encyclopedia; Kova\u010devi\u0107, Kre\u0161imir, 1977.<\/a><\/li>\n\n\n\n<li><a href=\"https:\/\/www.cmuse.org\/gabriel-faure-facts\/\" target=\"_blank\" rel=\"noreferrer noopener\">https:\/\/www.cmuse.org\/gabriel-faure-facts\/<\/a><\/li>\n\n\n\n<li><a href=\"https:\/\/www.classicfm.com\/composers\/faure\/\" target=\"_blank\" rel=\"noreferrer noopener\">https:\/\/www.classicfm.com\/composers\/faure\/<\/a><\/li>\n\n\n\n<li>concluding word in the sheet music edition<\/li>\n\n\n\n<li><a href=\"https:\/\/www.britannica.com\/biography\/Gabriel-Faure\" target=\"_blank\" rel=\"noreferrer noopener\">https:\/\/www.britannica.com\/biography\/Gabriel-Faure<\/a><\/li>\n\n\n\n<li><a href=\"https:\/\/www.connollymusic.com\/stringovation\/gabriel-faur\u00e9-amazing-facts\" target=\"_blank\" rel=\"noreferrer noopener\">https:\/\/www.connollymusic.com\/stringovation\/gabriel-faur\u00e9-amazing-facts<\/a><\/li>\n<\/ul>\n\n\n\n<p>photos:<\/p>\n\n\n\n<ul class=\"wp-block-list\">\n<li><a href=\"https:\/\/www.google.com\/url?sa=i&amp;url=https%3A%2F%2Flimelightmagazine.com.au%2Ffeatures%2Fcomposer-of-the-month-gabriel-faure%2F&amp;psig=AOvVaw3lnvVH10siCER_7AGywAz4&amp;ust=1684859146153000&amp;source=images&amp;cd=vfe&amp;ved=0CBEQjRxqFwoTCPCTjMmrif8CFQAAAAAdAAAAABAE\" target=\"_blank\" rel=\"noreferrer noopener\">photo 1<\/a><\/li>\n\n\n\n<li><a href=\"https:\/\/www.google.com\/url?sa=i&amp;url=https%3A%2F%2Fwww.classicfm.com%2Fcomposers%2Fdebussy%2Fpictures%2Fdebussy-20-facts-about-great-composer%2Fdebussy-and-wife-emma-bardac%2F&amp;psig=AOvVaw38ldodl7SlFGO3wB4oOQsm&amp;ust=1684859247204000&amp;source=images&amp;cd=vfe&amp;ved=0CBEQjRxqFwoTCMDGl_mrif8CFQAAAAAdAAAAABAE\" target=\"_blank\" rel=\"noreferrer noopener\">photo 2<\/a><\/li>\n\n\n\n<li><a href=\"https:\/\/www.google.com\/url?sa=i&amp;url=https%3A%2F%2Fwww.artmajeur.com%2Fangelouve%2Fen%2Fartworks%2F11334248%2Fgabriel-faure&amp;psig=AOvVaw3lnvVH10siCER_7AGywAz4&amp;ust=1684859146153000&amp;source=images&amp;cd=vfe&amp;ved=0CBEQjRxqGAoTCPCTjMmrif8CFQAAAAAdAAAAABD8AQ\" target=\"_blank\" rel=\"noreferrer noopener\">photo 3<\/a><\/li>\n\n\n\n<li><a href=\"https:\/\/www.google.com\/url?sa=i&amp;url=https%3A%2F%2Fen.wikiarquitectura.com%2Fbuilding%2Fthe-madeleine%2F&amp;psig=AOvVaw33qXj0ItrnuTQnHPVaZkjY&amp;ust=1684859335000000&amp;source=images&amp;cd=vfe&amp;ved=0CBEQjRxqFwoTCICXkaOsif8CFQAAAAAdAAAAABAJ\" target=\"_blank\" rel=\"noreferrer noopener\">photo 4<\/a><\/li>\n\n\n\n<li><a href=\"https:\/\/www.google.com\/imgres?imgurl=https%3A%2F%2Fi.ytimg.com%2Fvi%2FX53TvVY4_BY%2Fhqdefault.jpg&amp;tbnid=ydeKYfTBpQcTcM&amp;vet=12ahUKEwisoMzLrIn_AhWO_KQKHXzHDMcQMygMegUIARDhAQ..i&amp;imgrefurl=https%3A%2F%2Fwww.youtube.com%2Fwatch%3Fv%3DX53TvVY4_BY&amp;docid=vqLTP1DMZkpaGM&amp;w=480&amp;h=360&amp;q=c%20p%20e%20bach%20fantasy&amp;client=safari&amp;ved=2ahUKEwisoMzLrIn_AhWO_KQKHXzHDMcQMygMegUIARDhAQ\" target=\"_blank\" rel=\"noreferrer noopener\">photo 5<\/a><\/li>\n\n\n\n<li><a href=\"https:\/\/www.google.com\/url?sa=i&amp;url=https%3A%2F%2Fen.wikipedia.org%2Fwiki%2FFantasia_%25281940_film%2529&amp;psig=AOvVaw2vlDZg-PjhAKSU2nNeuZxK&amp;ust=1684859459768000&amp;source=images&amp;cd=vfe&amp;ved=0CBEQjRxqFwoTCIjizt6sif8CFQAAAAAdAAAAABAE\" target=\"_blank\" rel=\"noreferrer noopener\">photo 6<\/a><\/li>\n\n\n\n<li><a href=\"https:\/\/s9.imslp.org\/files\/imglnks\/usimg\/4\/49\/IMSLP25282-PMLP56741-Fantaisie,_Op_79.pdf\">photo 7<\/a><\/li>\n\n\n\n<li><a href=\"https:\/\/s9.imslp.org\/files\/imglnks\/usimg\/4\/49\/IMSLP25282-PMLP56741-Fantaisie,_Op_79.pdf\" target=\"_blank\" rel=\"noreferrer noopener\">photo 8<\/a><\/li>\n\n\n\n<li><a href=\"https:\/\/s9.imslp.org\/files\/imglnks\/usimg\/4\/49\/IMSLP25282-PMLP56741-Fantaisie,_Op_79.pdf\" target=\"_blank\" rel=\"noreferrer noopener\">photo 9<\/a><\/li>\n\n\n\n<li><a href=\"https:\/\/s9.imslp.org\/files\/imglnks\/usimg\/4\/49\/IMSLP25282-PMLP56741-Fantaisie,_Op_79.pdf\" target=\"_blank\" rel=\"noreferrer noopener\">photo 10<\/a><\/li>\n\n\n\n<li><a rel=\"noreferrer noopener\" href=\"https:\/\/s9.imslp.org\/files\/imglnks\/usimg\/4\/49\/IMSLP25282-PMLP56741-Fantaisie,_Op_79.pdf\" target=\"_blank\">photo 11<\/a><\/li>\n<\/ul>\n","protected":false},"excerpt":{"rendered":"<p>photos:<\/p>\n","protected":false},"author":1,"featured_media":0,"parent":0,"menu_order":0,"comment_status":"closed","ping_status":"closed","template":"","meta":{"footnotes":""},"categories":[],"tags":[],"class_list":["post-1050","page","type-page","status-publish","hentry"],"jetpack_sharing_enabled":true,"post_mailing_queue_ids":[],"_links":{"self":[{"href":"https:\/\/www.duovonmeck.com\/index.php?rest_route=\/wp\/v2\/pages\/1050","targetHints":{"allow":["GET"]}}],"collection":[{"href":"https:\/\/www.duovonmeck.com\/index.php?rest_route=\/wp\/v2\/pages"}],"about":[{"href":"https:\/\/www.duovonmeck.com\/index.php?rest_route=\/wp\/v2\/types\/page"}],"author":[{"embeddable":true,"href":"https:\/\/www.duovonmeck.com\/index.php?rest_route=\/wp\/v2\/users\/1"}],"replies":[{"embeddable":true,"href":"https:\/\/www.duovonmeck.com\/index.php?rest_route=%2Fwp%2Fv2%2Fcomments&post=1050"}],"version-history":[{"count":5,"href":"https:\/\/www.duovonmeck.com\/index.php?rest_route=\/wp\/v2\/pages\/1050\/revisions"}],"predecessor-version":[{"id":1055,"href":"https:\/\/www.duovonmeck.com\/index.php?rest_route=\/wp\/v2\/pages\/1050\/revisions\/1055"}],"wp:attachment":[{"href":"https:\/\/www.duovonmeck.com\/index.php?rest_route=%2Fwp%2Fv2%2Fmedia&parent=1050"}],"wp:term":[{"taxonomy":"category","embeddable":true,"href":"https:\/\/www.duovonmeck.com\/index.php?rest_route=%2Fwp%2Fv2%2Fcategories&post=1050"},{"taxonomy":"post_tag","embeddable":true,"href":"https:\/\/www.duovonmeck.com\/index.php?rest_route=%2Fwp%2Fv2%2Ftags&post=1050"}],"curies":[{"name":"wp","href":"https:\/\/api.w.org\/{rel}","templated":true}]}}