{"id":1415,"date":"2025-11-16T20:00:12","date_gmt":"2025-11-16T20:00:12","guid":{"rendered":"https:\/\/www.duovonmeck.com\/?page_id=1415"},"modified":"2026-03-02T15:19:58","modified_gmt":"2026-03-02T15:19:58","slug":"biography-2","status":"publish","type":"page","link":"https:\/\/www.duovonmeck.com\/?page_id=1415","title":{"rendered":"biography"},"content":{"rendered":"\n<figure class=\"wp-block-image alignfull size-large\"><img loading=\"lazy\" decoding=\"async\" width=\"1024\" height=\"410\" src=\"https:\/\/www.duovonmeck.com\/wp-content\/uploads\/2025\/11\/duo_rez-1024x410.jpg\" alt=\"duo von meck photo\" class=\"wp-image-1490\" srcset=\"https:\/\/www.duovonmeck.com\/wp-content\/uploads\/2025\/11\/duo_rez-1024x410.jpg 1024w, https:\/\/www.duovonmeck.com\/wp-content\/uploads\/2025\/11\/duo_rez-300x120.jpg 300w, https:\/\/www.duovonmeck.com\/wp-content\/uploads\/2025\/11\/duo_rez-768x307.jpg 768w, https:\/\/www.duovonmeck.com\/wp-content\/uploads\/2025\/11\/duo_rez-1536x614.jpg 1536w, https:\/\/www.duovonmeck.com\/wp-content\/uploads\/2025\/11\/duo_rez-2048x819.jpg 2048w\" sizes=\"auto, (max-width: 1024px) 100vw, 1024px\" \/><\/figure>\n\n\n\n<p class=\"has-medium-font-size\">Duo von Meck was founded by Laura and Matija in 2017 and is currently under the mentorship of professor Andreas Woyke. The duo regularly performs in chamber music concerts and independently organizes concerts throughout the Netherlands. Recently, they played in Porto, Portugal (2025) at Convimus Festival, won second prize at the New York Debut Classical Awards (2024) and second prize at the XV Concorso Musicale Citt\u00e0 di Filadelfia (2024). They also received first prize at the Croatian National Chamber Music Competition (2018 and 2019) and were awarded the \u201cOscar of Knowledge,\u201d the highest national award for students in Croatia for exceptional achievements and results. At the invitation of the Office of the President of the Republic of Croatia, Duo von Meck performed at Villa Prekri\u017eje in Pantov\u010dak.<\/p>\n\n\n\n<p class=\"has-medium-font-size\"><br>They have refined their skills under the guidance of renowned musicians and pedagogues, including Nina Patar\u010dec, Ela Korbar, Nives Andrija\u0161evi\u0107 Jankovi\u0107, Marietta Petkova, Marieke Schneemann, Matej Zupan, \u0110or\u0111e Stanetti, Nils Thilo-Kr\u00e4mer, and Marko Zupan. They have performed in Croatia and abroad, in cities such as Osijek, Vara\u017edin, Sesvete, Samobor, Zagreb, Opatija, Vela Luka, Sinj, and in the Netherlands \u2013 Amsterdam, Apeldoorn, Winssen, Ittervoort, Hilversum \u2013 as well as in Graz, Austria.<\/p>\n","protected":false},"excerpt":{"rendered":"<p>Duo von Meck was founded by Laura and Matija in 2017 and is currently under the mentorship of professor Andreas Woyke. The duo regularly performs in chamber music concerts and independently organizes concerts throughout the Netherlands. Recently, they played in Porto, Portugal (2025) at Convimus Festival, won second prize at the New York Debut Classical [&hellip;]<\/p>\n","protected":false},"author":1,"featured_media":0,"parent":0,"menu_order":0,"comment_status":"closed","ping_status":"closed","template":"","meta":{"footnotes":""},"categories":[],"tags":[],"class_list":["post-1415","page","type-page","status-publish","hentry"],"jetpack_sharing_enabled":true,"post_mailing_queue_ids":[],"_links":{"self":[{"href":"https:\/\/www.duovonmeck.com\/index.php?rest_route=\/wp\/v2\/pages\/1415","targetHints":{"allow":["GET"]}}],"collection":[{"href":"https:\/\/www.duovonmeck.com\/index.php?rest_route=\/wp\/v2\/pages"}],"about":[{"href":"https:\/\/www.duovonmeck.com\/index.php?rest_route=\/wp\/v2\/types\/page"}],"author":[{"embeddable":true,"href":"https:\/\/www.duovonmeck.com\/index.php?rest_route=\/wp\/v2\/users\/1"}],"replies":[{"embeddable":true,"href":"https:\/\/www.duovonmeck.com\/index.php?rest_route=%2Fwp%2Fv2%2Fcomments&post=1415"}],"version-history":[{"count":17,"href":"https:\/\/www.duovonmeck.com\/index.php?rest_route=\/wp\/v2\/pages\/1415\/revisions"}],"predecessor-version":[{"id":1790,"href":"https:\/\/www.duovonmeck.com\/index.php?rest_route=\/wp\/v2\/pages\/1415\/revisions\/1790"}],"wp:attachment":[{"href":"https:\/\/www.duovonmeck.com\/index.php?rest_route=%2Fwp%2Fv2%2Fmedia&parent=1415"}],"wp:term":[{"taxonomy":"category","embeddable":true,"href":"https:\/\/www.duovonmeck.com\/index.php?rest_route=%2Fwp%2Fv2%2Fcategories&post=1415"},{"taxonomy":"post_tag","embeddable":true,"href":"https:\/\/www.duovonmeck.com\/index.php?rest_route=%2Fwp%2Fv2%2Ftags&post=1415"}],"curies":[{"name":"wp","href":"https:\/\/api.w.org\/{rel}","templated":true}]}}

<figure class="wp-block-image alignfull size-large"><img loading="lazy" decoding="async" width="1024" height="410" src="https://www.duovonmeck.com/wp-content/uploads/2025/11/duo_rez-1024x410.jpg" alt="duo von meck photo" class="wp-image-1490" srcset="https://www.duovonmeck.com/wp-content/uploads/2025/11/duo_rez-1024x410.jpg 1024w, https://www.duovonmeck.com/wp-content/uploads/2025/11/duo_rez-300x120.jpg 300w, https://www.duovonmeck.com/wp-content/uploads/2025/11/duo_rez-768x307.jpg 768w, https://www.duovonmeck.com/wp-content/uploads/2025/11/duo_rez-1536x614.jpg 1536w, https://www.duovonmeck.com/wp-content/uploads/2025/11/duo_rez-2048x819.jpg 2048w" sizes="auto, (max-width: 1024px) 100vw, 1024px" /></figure>



<p class="has-medium-font-size">Duo von Meck was founded by Laura and Matija in 2017 and is currently under the mentorship of professor Andreas Woyke. The duo regularly performs in chamber music concerts and independently organizes concerts throughout the Netherlands. Recently, they played in Porto, Portugal (2025) at Convimus Festival, won second prize at the New York Debut Classical Awards (2024) and second prize at the XV Concorso Musicale Città di Filadelfia (2024). They also received first prize at the Croatian National Chamber Music Competition (2018 and 2019) and were awarded the “Oscar of Knowledge,” the highest national award for students in Croatia for exceptional achievements and results. At the invitation of the Office of the President of the Republic of Croatia, Duo von Meck performed at Villa Prekrižje in Pantovčak.</p>



<p class="has-medium-font-size"><br>They have refined their skills under the guidance of renowned musicians and pedagogues, including Nina Patarčec, Ela Korbar, Nives Andrijašević Janković, Marietta Petkova, Marieke Schneemann, Matej Zupan, Đorđe Stanetti, Nils Thilo-Krämer, and Marko Zupan. They have performed in Croatia and abroad, in cities such as Osijek, Varaždin, Sesvete, Samobor, Zagreb, Opatija, Vela Luka, Sinj, and in the Netherlands – Amsterdam, Apeldoorn, Winssen, Ittervoort, Hilversum – as well as in Graz, Austria.</p>
