{"id":174,"date":"2021-02-02T09:19:38","date_gmt":"2021-02-02T09:19:38","guid":{"rendered":"http:\/\/matija.kranjcic.com\/?page_id=174"},"modified":"2025-12-01T14:39:30","modified_gmt":"2025-12-01T14:39:30","slug":"biography","status":"publish","type":"page","link":"https:\/\/www.duovonmeck.com\/?page_id=174","title":{"rendered":"biography"},"content":{"rendered":"\n<figure class=\"wp-block-image alignfull size-large\"><img loading=\"lazy\" decoding=\"async\" width=\"1024\" height=\"410\" src=\"https:\/\/www.duovonmeck.com\/wp-content\/uploads\/2025\/11\/mat_rez-1024x410.jpg\" alt=\"matija kranjcic photo\" class=\"wp-image-1485\" srcset=\"https:\/\/www.duovonmeck.com\/wp-content\/uploads\/2025\/11\/mat_rez-1024x410.jpg 1024w, https:\/\/www.duovonmeck.com\/wp-content\/uploads\/2025\/11\/mat_rez-300x120.jpg 300w, https:\/\/www.duovonmeck.com\/wp-content\/uploads\/2025\/11\/mat_rez-768x307.jpg 768w, https:\/\/www.duovonmeck.com\/wp-content\/uploads\/2025\/11\/mat_rez-1536x614.jpg 1536w, https:\/\/www.duovonmeck.com\/wp-content\/uploads\/2025\/11\/mat_rez-2048x819.jpg 2048w\" sizes=\"auto, (max-width: 1024px) 100vw, 1024px\" \/><\/figure>\n\n\n\n<p class=\"has-normal-font-size\"><strong>Matija Kranj\u010di\u0107<\/strong> (2002) was born in Zagreb, Croatia. Among the recent awards, he is happy to single out the first prize at the Globe International Piano Competition in Hilversum (2024), the Netherlands, and the first prize at the Jurica Murai Memorial International Competition in Vara\u017edin (2022, Alink &#8211; Argerich Foundation). He was a semi-finalist at 19th Ettlingen International Piano Competition, Germany. Matija is the winner of the rector&#8217;s award at the Music Academy Zagreb (2022) and multiple winner of Oscar of knowledge &#8211; Recognition of exellence. In 2023, he won first prize at 20th Davorin Jenko International Piano Competition (Belgrade) in piano duo category. He performed three times as a soloist with the Opatija Chamber Orchestra, playing R. Schumann&#8217;s Piano Concerto in A minor, Op. 54.<\/p>\n\n\n\n<p class=\"has-normal-font-size\">At the age of eight, Matija started to learn playing the piano at the Elementary Music School \u201cRudolf Matz\u201d in Zagreb, with Prof. Ela Korbar. In 2020, he graduated in piano in the class of Prof. Korbar and in music theory in the class of Prof. Katarina Vi\u0161aticki. Since 2018, he has been working continuously with Prof. Marietta Petkova in the Netherlands. In 2025 he graduated from Music Academy in Zagreb in the class of Prof. \u0110or\u0111e Stanetti and is now studying at Kunstuniversit\u00e4t in Graz in the class of Prof. Zuzana Niederdorfer. Up to now, Matija has performed in Croatia (\u010cakovec, Dubrovnik, Jastrebarsko, Karlovac, Kri\u017eevci, Marija Bistrica, Nova Gradi\u0161ka, Novska, Opatija, Osijek, Rijeka, Samobor, Sesvete, Sinj, Split, Vara\u017edin, Vela Luka, Zagreb) and abroad (Austria &#8211; Graz, Bosnia and Herzegovina &#8211; \u010capljina, Czech Republic &#8211; Usti nad Labem, Germany &#8211; Ettlingen, Italy &#8211; Trieste, Serbia &#8211; Beograd, Slovenia &#8211; Ljubljana, Velenje, Radlje ob Dravi, The Netherlands &#8211; Amsterdam, Almere, Apeldoorn, Emmen, Hilversum, Houten, Ittervoort, Muiden, Winssen). Matija had the pleasure and privilege of attending piano masterclasses with the following acclaimed pianists and pedagogues: Stephen Kovacevich, Daniel Blumenthal, Matti Raekallio, Konstantin Bogino, Manana Kandelaki, Nina Patar\u010dec, Jitka Fowler Frankova, Nata\u0161a Veljkovi\u0107, Milana Chernyavska, Julia Gubaidulina, Danijel Detoni, Sr\u0111an \u010caldarovi\u0107, Ruben Dalibaltayan.<\/p>\n\n\n\n<p class=\"has-normal-font-size\">Since 2012, Matija won many first, second, and third prizes at regional, national and international competitions. He is especially proud of great success in chamber music as in solo playing. Matija is performing in Duo von Meck with Laura Marjanovi\u0107 and he has performed in duo with Jan Nikovi\u0107, Bo\u017ee Cigi\u0107 and trio with Jan and Goran Atali\u0107.<\/p>\n\n\n\n<figure class=\"wp-block-image alignright size-full is-resized is-style-default\" style=\"margin-top:1px;margin-right:1px;margin-bottom:1px;margin-left:1px\"><img loading=\"lazy\" decoding=\"async\" width=\"500\" height=\"500\" src=\"https:\/\/www.duovonmeck.com\/wp-content\/uploads\/2025\/11\/Naljepnica_Stipendist-50x50mm-web-crna-removebg-preview-2.png\" alt=\"\" class=\"wp-image-1738\" style=\"width:140px;height:auto\" srcset=\"https:\/\/www.duovonmeck.com\/wp-content\/uploads\/2025\/11\/Naljepnica_Stipendist-50x50mm-web-crna-removebg-preview-2.png 500w, https:\/\/www.duovonmeck.com\/wp-content\/uploads\/2025\/11\/Naljepnica_Stipendist-50x50mm-web-crna-removebg-preview-2-300x300.png 300w, https:\/\/www.duovonmeck.com\/wp-content\/uploads\/2025\/11\/Naljepnica_Stipendist-50x50mm-web-crna-removebg-preview-2-150x150.png 150w\" sizes=\"auto, (max-width: 500px) 100vw, 500px\" \/><\/figure>\n","protected":false},"excerpt":{"rendered":"<p>Matija Kranj\u010di\u0107 (2002) was born in Zagreb, Croatia. Among the recent awards, he is happy to single out the first prize at the Globe International Piano Competition in Hilversum (2024), the Netherlands, and the first prize at the Jurica Murai Memorial International Competition in Vara\u017edin (2022, Alink &#8211; Argerich Foundation). He was a semi-finalist at [&hellip;]<\/p>\n","protected":false},"author":1,"featured_media":0,"parent":0,"menu_order":0,"comment_status":"closed","ping_status":"closed","template":"templates\/template-full-width.php","meta":{"footnotes":""},"categories":[],"tags":[],"class_list":["post-174","page","type-page","status-publish","hentry"],"jetpack_sharing_enabled":true,"post_mailing_queue_ids":[],"_links":{"self":[{"href":"https:\/\/www.duovonmeck.com\/index.php?rest_route=\/wp\/v2\/pages\/174","targetHints":{"allow":["GET"]}}],"collection":[{"href":"https:\/\/www.duovonmeck.com\/index.php?rest_route=\/wp\/v2\/pages"}],"about":[{"href":"https:\/\/www.duovonmeck.com\/index.php?rest_route=\/wp\/v2\/types\/page"}],"author":[{"embeddable":true,"href":"https:\/\/www.duovonmeck.com\/index.php?rest_route=\/wp\/v2\/users\/1"}],"replies":[{"embeddable":true,"href":"https:\/\/www.duovonmeck.com\/index.php?rest_route=%2Fwp%2Fv2%2Fcomments&post=174"}],"version-history":[{"count":85,"href":"https:\/\/www.duovonmeck.com\/index.php?rest_route=\/wp\/v2\/pages\/174\/revisions"}],"predecessor-version":[{"id":1774,"href":"https:\/\/www.duovonmeck.com\/index.php?rest_route=\/wp\/v2\/pages\/174\/revisions\/1774"}],"wp:attachment":[{"href":"https:\/\/www.duovonmeck.com\/index.php?rest_route=%2Fwp%2Fv2%2Fmedia&parent=174"}],"wp:term":[{"taxonomy":"category","embeddable":true,"href":"https:\/\/www.duovonmeck.com\/index.php?rest_route=%2Fwp%2Fv2%2Fcategories&post=174"},{"taxonomy":"post_tag","embeddable":true,"href":"https:\/\/www.duovonmeck.com\/index.php?rest_route=%2Fwp%2Fv2%2Ftags&post=174"}],"curies":[{"name":"wp","href":"https:\/\/api.w.org\/{rel}","templated":true}]}}

<figure class="wp-block-image alignfull size-large"><img loading="lazy" decoding="async" width="1024" height="410" src="https://www.duovonmeck.com/wp-content/uploads/2025/11/mat_rez-1024x410.jpg" alt="matija kranjcic photo" class="wp-image-1485" srcset="https://www.duovonmeck.com/wp-content/uploads/2025/11/mat_rez-1024x410.jpg 1024w, https://www.duovonmeck.com/wp-content/uploads/2025/11/mat_rez-300x120.jpg 300w, https://www.duovonmeck.com/wp-content/uploads/2025/11/mat_rez-768x307.jpg 768w, https://www.duovonmeck.com/wp-content/uploads/2025/11/mat_rez-1536x614.jpg 1536w, https://www.duovonmeck.com/wp-content/uploads/2025/11/mat_rez-2048x819.jpg 2048w" sizes="auto, (max-width: 1024px) 100vw, 1024px" /></figure>



<p class="has-normal-font-size"><strong>Matija Kranjčić</strong> (2002) was born in Zagreb, Croatia. Among the recent awards, he is happy to single out the first prize at the Globe International Piano Competition in Hilversum (2024), the Netherlands, and the first prize at the Jurica Murai Memorial International Competition in Varaždin (2022, Alink &#8211; Argerich Foundation). He was a semi-finalist at 19th Ettlingen International Piano Competition, Germany. Matija is the winner of the rector&#8217;s award at the Music Academy Zagreb (2022) and multiple winner of Oscar of knowledge &#8211; Recognition of exellence. In 2023, he won first prize at 20th Davorin Jenko International Piano Competition (Belgrade) in piano duo category. He performed three times as a soloist with the Opatija Chamber Orchestra, playing R. Schumann&#8217;s Piano Concerto in A minor, Op. 54.</p>



<p class="has-normal-font-size">At the age of eight, Matija started to learn playing the piano at the Elementary Music School “Rudolf Matz” in Zagreb, with Prof. Ela Korbar. In 2020, he graduated in piano in the class of Prof. Korbar and in music theory in the class of Prof. Katarina Višaticki. Since 2018, he has been working continuously with Prof. Marietta Petkova in the Netherlands. In 2025 he graduated from Music Academy in Zagreb in the class of Prof. Đorđe Stanetti and is now studying at Kunstuniversität in Graz in the class of Prof. Zuzana Niederdorfer. Up to now, Matija has performed in Croatia (Čakovec, Dubrovnik, Jastrebarsko, Karlovac, Križevci, Marija Bistrica, Nova Gradiška, Novska, Opatija, Osijek, Rijeka, Samobor, Sesvete, Sinj, Split, Varaždin, Vela Luka, Zagreb) and abroad (Austria &#8211; Graz, Bosnia and Herzegovina &#8211; Čapljina, Czech Republic &#8211; Usti nad Labem, Germany &#8211; Ettlingen, Italy &#8211; Trieste, Serbia &#8211; Beograd, Slovenia &#8211; Ljubljana, Velenje, Radlje ob Dravi, The Netherlands &#8211; Amsterdam, Almere, Apeldoorn, Emmen, Hilversum, Houten, Ittervoort, Muiden, Winssen). Matija had the pleasure and privilege of attending piano masterclasses with the following acclaimed pianists and pedagogues: Stephen Kovacevich, Daniel Blumenthal, Matti Raekallio, Konstantin Bogino, Manana Kandelaki, Nina Patarčec, Jitka Fowler Frankova, Nataša Veljković, Milana Chernyavska, Julia Gubaidulina, Danijel Detoni, Srđan Čaldarović, Ruben Dalibaltayan.</p>



<p class="has-normal-font-size">Since 2012, Matija won many first, second, and third prizes at regional, national and international competitions. He is especially proud of great success in chamber music as in solo playing. Matija is performing in Duo von Meck with Laura Marjanović and he has performed in duo with Jan Niković, Bože Cigić and trio with Jan and Goran Atalić.</p>



<figure class="wp-block-image alignright size-full is-resized is-style-default" style="margin-top:1px;margin-right:1px;margin-bottom:1px;margin-left:1px"><img loading="lazy" decoding="async" width="500" height="500" src="https://www.duovonmeck.com/wp-content/uploads/2025/11/Naljepnica_Stipendist-50x50mm-web-crna-removebg-preview-2.png" alt="" class="wp-image-1738" style="width:140px;height:auto" srcset="https://www.duovonmeck.com/wp-content/uploads/2025/11/Naljepnica_Stipendist-50x50mm-web-crna-removebg-preview-2.png 500w, https://www.duovonmeck.com/wp-content/uploads/2025/11/Naljepnica_Stipendist-50x50mm-web-crna-removebg-preview-2-300x300.png 300w, https://www.duovonmeck.com/wp-content/uploads/2025/11/Naljepnica_Stipendist-50x50mm-web-crna-removebg-preview-2-150x150.png 150w" sizes="auto, (max-width: 500px) 100vw, 500px" /></figure>

<p>Matija Kranjčić (2002) was born in Zagreb, Croatia. Among the recent awards, he is happy to single out the first prize at the Globe International Piano Competition in Hilversum (2024), the Netherlands, and the first prize at the Jurica Murai Memorial International Competition in Varaždin (2022, Alink &#8211; Argerich Foundation). He was a semi-finalist at [&hellip;]</p>
